{"id":301,"date":"2017-02-08T14:24:09","date_gmt":"2017-02-08T14:24:09","guid":{"rendered":"http:\/\/furega.com\/disfagia\/?page_id=301"},"modified":"2022-07-06T16:50:28","modified_gmt":"2022-07-06T16:50:28","slug":"empassarbe","status":"publish","type":"page","link":"https:\/\/furega.com\/disfagia\/empassarbe\/","title":{"rendered":"Empassar B\u00e9"},"content":{"rendered":"[vc_row type=&#8221;in_container&#8221; full_screen_row_position=&#8221;middle&#8221; column_margin=&#8221;default&#8221; column_direction=&#8221;default&#8221; column_direction_tablet=&#8221;default&#8221; column_direction_phone=&#8221;default&#8221; scene_position=&#8221;center&#8221; text_color=&#8221;dark&#8221; text_align=&#8221;left&#8221; row_border_radius=&#8221;none&#8221; row_border_radius_applies=&#8221;bg&#8221; overlay_strength=&#8221;0.3&#8243; gradient_direction=&#8221;left_to_right&#8221; shape_divider_position=&#8221;bottom&#8221; bg_image_animation=&#8221;none&#8221;][vc_column column_padding=&#8221;no-extra-padding&#8221; column_padding_tablet=&#8221;inherit&#8221; column_padding_phone=&#8221;inherit&#8221; column_padding_position=&#8221;all&#8221; background_color_opacity=&#8221;1&#8243; background_hover_color_opacity=&#8221;1&#8243; column_shadow=&#8221;none&#8221; column_border_radius=&#8221;none&#8221; column_link_target=&#8221;_self&#8221; gradient_direction=&#8221;left_to_right&#8221; overlay_strength=&#8221;0.3&#8243; width=&#8221;1\/1&#8243; tablet_width_inherit=&#8221;default&#8221; tablet_text_alignment=&#8221;default&#8221; phone_text_alignment=&#8221;default&#8221; column_border_width=&#8221;none&#8221; column_border_style=&#8221;solid&#8221; bg_image_animation=&#8221;none&#8221;][page_submenu alignment=&#8221;center&#8221; sticky=&#8221;true&#8221; bg_color=&#8221;#efefef&#8221; link_color=&#8221;#dd9933&#8243;][page_link link_url=&#8221;#inici&#8221; title=&#8221;Inici&#8221; id=&#8221;1657126029997-3&#8243; tab_id=&#8221;1657126029998-10&#8243;] [\/page_link][page_link link_url=&#8221;#activitats&#8221; title=&#8221;Activitats&#8221; id=&#8221;1657126030037-10&#8243; tab_id=&#8221;1657126030038-8&#8243;] [\/page_link][page_link title=&#8221;Entitats Col\u00b7laboradores&#8221; id=&#8221;1657126030057-1&#8243; tab_id=&#8221;1657126030058-10&#8243; link_url=&#8221;#entitats&#8221;][\/page_link][\/page_submenu][\/vc_column][\/vc_row][vc_row type=&#8221;in_container&#8221; full_screen_row_position=&#8221;middle&#8221; column_margin=&#8221;default&#8221; column_direction=&#8221;default&#8221; column_direction_tablet=&#8221;default&#8221; column_direction_phone=&#8221;default&#8221; scene_position=&#8221;center&#8221; bottom_padding=&#8221;40&#8243; text_color=&#8221;dark&#8221; text_align=&#8221;left&#8221; row_border_radius=&#8221;none&#8221; row_border_radius_applies=&#8221;bg&#8221; id=&#8221;inici&#8221; overlay_strength=&#8221;0.3&#8243; gradient_direction=&#8221;left_to_right&#8221; shape_divider_position=&#8221;bottom&#8221; bg_image_animation=&#8221;none&#8221;][vc_column column_padding=&#8221;no-extra-padding&#8221; column_padding_tablet=&#8221;inherit&#8221; column_padding_phone=&#8221;inherit&#8221; column_padding_position=&#8221;all&#8221; background_color_opacity=&#8221;1&#8243; background_hover_color_opacity=&#8221;1&#8243; column_shadow=&#8221;none&#8221; column_border_radius=&#8221;none&#8221; column_link_target=&#8221;_self&#8221; gradient_direction=&#8221;left_to_right&#8221; overlay_strength=&#8221;0.3&#8243; width=&#8221;1\/1&#8243; tablet_width_inherit=&#8221;default&#8221; tablet_text_alignment=&#8221;default&#8221; phone_text_alignment=&#8221;default&#8221; column_border_width=&#8221;none&#8221; column_border_style=&#8221;solid&#8221; bg_image_animation=&#8221;none&#8221;][vc_column_text]\n<h1>FUREGA juntament amb la <span style=\"text-decoration: underline;\"><a href=\"http:\/\/www.myessd.org\/\" target=\"_blank\" rel=\"noopener noreferrer\">ESSD <\/a><\/span>(European Society for Swallowing Disorders) han endegat una campanya de conscienciaci\u00f3 i sensibilitzaci\u00f3 sobre la disf\u00e0gia orofar\u00edngea amb l\u2019objectiu de millorar el coneixement de la malaltia al p\u00fablic en general i conscienciar de la seva elevada prevalen\u00e7a.<\/h1>\n[\/vc_column_text][\/vc_column][\/vc_row][vc_row type=&#8221;full_width_background&#8221; full_screen_row_position=&#8221;middle&#8221; column_margin=&#8221;default&#8221; column_direction=&#8221;default&#8221; column_direction_tablet=&#8221;default&#8221; column_direction_phone=&#8221;default&#8221; bg_color=&#8221;#efefef&#8221; scene_position=&#8221;center&#8221; top_padding=&#8221;40&#8243; bottom_padding=&#8221;40&#8243; text_color=&#8221;dark&#8221; text_align=&#8221;left&#8221; row_border_radius=&#8221;none&#8221; row_border_radius_applies=&#8221;bg&#8221; id=&#8221;activitats&#8221; overlay_strength=&#8221;0.3&#8243; gradient_direction=&#8221;left_to_right&#8221; shape_divider_position=&#8221;bottom&#8221; bg_image_animation=&#8221;none&#8221;][vc_column column_padding=&#8221;no-extra-padding&#8221; column_padding_tablet=&#8221;inherit&#8221; column_padding_phone=&#8221;inherit&#8221; column_padding_position=&#8221;all&#8221; background_color_opacity=&#8221;1&#8243; background_hover_color_opacity=&#8221;1&#8243; column_shadow=&#8221;none&#8221; column_border_radius=&#8221;none&#8221; column_link_target=&#8221;_self&#8221; gradient_direction=&#8221;left_to_right&#8221; overlay_strength=&#8221;0.3&#8243; width=&#8221;1\/1&#8243; tablet_width_inherit=&#8221;default&#8221; tablet_text_alignment=&#8221;default&#8221; phone_text_alignment=&#8221;default&#8221; column_border_width=&#8221;none&#8221; column_border_style=&#8221;solid&#8221; bg_image_animation=&#8221;none&#8221;][vc_column_text]\n<h1>Activitats<\/h1>\n<h2><\/h2>\n<h2><strong>Sessions de diagn\u00f2stic gratu\u00eft<\/strong><\/h2>\n<p>Una de les activitats de la campanya consisteix en oferir de forma gratu\u00efta un diagn\u00f2stic a tots aquells que ho desitgin. Per a tots aquells que sospitin que poden tenir disf\u00e0gia s\u2019habilitaran una s\u00e8rie de centres on poder acudir a fer-se un diagn\u00f2stic.<\/p>\n<p>Es tracta d\u2019unes sessions que tenen un doble objectiu. Per una banda facilitar un diagn\u00f2stic a les persones que puguin sospitar que tenen disf\u00e0gia. Per l\u2019altra, donar formaci\u00f3 del m\u00e8tode de screening MECV-V al personal sanitari que ho desitgi del centre on es faci. Gratu\u00eft per a tothom.<\/p>\n<p>A mida que es vagin organitzant noves sessions s\u2019anunciaran en aquesta p\u00e1gina.<\/p>\n<p>Tots els centres que estiguin interessats en participar poden escriure un email a <a href=\"&#x6d;&#x61;&#x69;&#x6c;&#x74;&#111;&#58;&#105;&#110;fo&#64;&#x66;&#x75;&#x72;&#x65;&#x67;&#x61;&#46;&#99;&#111;m\">&#105;&#x6e;f&#111;&#x40;f&#117;&#x72;e&#103;&#x61;&#46;&#99;&#x6f;m<\/a><\/p>\n[\/vc_column_text][divider line_type=&#8221;No Line&#8221; custom_height=&#8221;40&#8243;][vc_column_text]\n<h2><strong>Tallers de cuina<\/strong><\/h2>\n<p>Una altra activitat s\u00f3n els tallers de cuina, tamb\u00e9 gratu\u00efts, dirigits principalment a cuidadors on aprendre com preparar les diferents textures i viscositats requerides aix\u00ed com els requisits b\u00e0sics per a garantir una alimentaci\u00f3 equilibrada en pacients amb disfagia.[\/vc_column_text][\/vc_column][\/vc_row][vc_row type=&#8221;in_container&#8221; full_screen_row_position=&#8221;middle&#8221; column_margin=&#8221;default&#8221; column_direction=&#8221;default&#8221; column_direction_tablet=&#8221;default&#8221; column_direction_phone=&#8221;default&#8221; scene_position=&#8221;center&#8221; top_padding=&#8221;40&#8243; bottom_padding=&#8221;40&#8243; text_color=&#8221;dark&#8221; text_align=&#8221;left&#8221; row_border_radius=&#8221;none&#8221; row_border_radius_applies=&#8221;bg&#8221; id=&#8221;entitats&#8221; overlay_strength=&#8221;0.3&#8243; gradient_direction=&#8221;left_to_right&#8221; shape_divider_position=&#8221;bottom&#8221; bg_image_animation=&#8221;none&#8221;][vc_column column_padding=&#8221;no-extra-padding&#8221; column_padding_tablet=&#8221;inherit&#8221; column_padding_phone=&#8221;inherit&#8221; column_padding_position=&#8221;all&#8221; background_color_opacity=&#8221;1&#8243; background_hover_color_opacity=&#8221;1&#8243; column_shadow=&#8221;none&#8221; column_border_radius=&#8221;none&#8221; column_link_target=&#8221;_self&#8221; gradient_direction=&#8221;left_to_right&#8221; overlay_strength=&#8221;0.3&#8243; width=&#8221;1\/1&#8243; tablet_width_inherit=&#8221;default&#8221; tablet_text_alignment=&#8221;default&#8221; phone_text_alignment=&#8221;default&#8221; column_border_width=&#8221;none&#8221; column_border_style=&#8221;solid&#8221; bg_image_animation=&#8221;none&#8221;][vc_column_text]\n<h1>Entitats Col\u00b7laboradores<\/h1>\n[\/vc_column_text][clients columns=&#8221;5&#8243; hover_effect=&#8221;opacity&#8221; additional_padding=&#8221;3&#8243;][client image=&#8221;947&#8243; title=&#8221;Client&#8221; id=&#8221;1657126030284-6&#8243; tab_id=&#8221;1657126030285-0&#8243;] Click the edit button to add your testimonial. [\/client][client image=&#8221;1441&#8243; title=&#8221;Client&#8221; id=&#8221;1657126030303-2&#8243; tab_id=&#8221;1657126030304-6&#8243; url=&#8221;https:\/\/www.ciberehd.org\/&#8221;] Click the edit button to add your testimonial. [\/client][client image=&#8221;948&#8243; title=&#8221;Client&#8221; id=&#8221;1657126030322-4&#8243; tab_id=&#8221;1657126030322-5&#8243;] Click the edit button to add your testimonial. [\/client][client image=&#8221;949&#8243; title=&#8221;Client&#8221; id=&#8221;1657126030339-8&#8243; tab_id=&#8221;1657126030339-10&#8243;][\/client][client image=&#8221;946&#8243; title=&#8221;Client&#8221; id=&#8221;1657126030356-2&#8243; tab_id=&#8221;1657126030357-1&#8243;][\/client][client image=&#8221;945&#8243; title=&#8221;Client&#8221; id=&#8221;1657126030368-6&#8243; tab_id=&#8221;1657126030369-3&#8243;][\/client][client image=&#8221;923&#8243; title=&#8221;Client&#8221; id=&#8221;1657126030382-8&#8243; tab_id=&#8221;1657126030383-7&#8243;][\/client][client image=&#8221;1405&#8243; title=&#8221;Client&#8221; id=&#8221;1657126030396-8&#8243; tab_id=&#8221;1657126030397-5&#8243;][\/client][client image=&#8221;1441&#8243; title=&#8221;Client&#8221; id=&#8221;1657126030411-1&#8243; tab_id=&#8221;1657126030412-0&#8243; url=&#8221;https:\/\/www.ciberehd.org\/&#8221;][\/client][client image=&#8221;1830&#8243; title=&#8221;Client&#8221; id=&#8221;1657126033863-3&#8243; tab_id=&#8221;1657126033865-4&#8243; url=&#8221;https:\/\/www.taliment.com\/&#8221;][\/client][\/clients][\/vc_column][\/vc_row]\n","protected":false},"excerpt":{"rendered":"<p>[vc_row type=&#8221;in_container&#8221; full_screen_row_position=&#8221;middle&#8221; column_margin=&#8221;default&#8221; column_direction=&#8221;default&#8221; column_direction_tablet=&#8221;default&#8221; column_direction_phone=&#8221;default&#8221; scene_position=&#8221;center&#8221; text_color=&#8221;dark&#8221; text_align=&#8221;left&#8221; row_border_radius=&#8221;none&#8221; row_border_radius_applies=&#8221;bg&#8221; overlay_strength=&#8221;0.3&#8243; gradient_direction=&#8221;left_to_right&#8221; shape_divider_position=&#8221;bottom&#8221; bg_image_animation=&#8221;none&#8221;][vc_column column_padding=&#8221;no-extra-padding&#8221; column_padding_tablet=&#8221;inherit&#8221; column_padding_phone=&#8221;inherit&#8221; column_padding_position=&#8221;all&#8221; background_color_opacity=&#8221;1&#8243; background_hover_color_opacity=&#8221;1&#8243; column_shadow=&#8221;none&#8221; column_border_radius=&#8221;none&#8221; column_link_target=&#8221;_self&#8221; gradient_direction=&#8221;left_to_right&#8221; overlay_strength=&#8221;0.3&#8243; width=&#8221;1\/1&#8243; tablet_width_inherit=&#8221;default&#8221; tablet_text_alignment=&#8221;default&#8221;&#8230;<\/p>\n","protected":false},"author":1,"featured_media":0,"parent":0,"menu_order":0,"comment_status":"closed","ping_status":"closed","template":"","meta":{"footnotes":""},"class_list":["post-301","page","type-page","status-publish"],"_links":{"self":[{"href":"https:\/\/furega.com\/disfagia\/wp-json\/wp\/v2\/pages\/301","targetHints":{"allow":["GET"]}}],"collection":[{"href":"https:\/\/furega.com\/disfagia\/wp-json\/wp\/v2\/pages"}],"about":[{"href":"https:\/\/furega.com\/disfagia\/wp-json\/wp\/v2\/types\/page"}],"author":[{"embeddable":true,"href":"https:\/\/furega.com\/disfagia\/wp-json\/wp\/v2\/users\/1"}],"replies":[{"embeddable":true,"href":"https:\/\/furega.com\/disfagia\/wp-json\/wp\/v2\/comments?post=301"}],"version-history":[{"count":51,"href":"https:\/\/furega.com\/disfagia\/wp-json\/wp\/v2\/pages\/301\/revisions"}],"predecessor-version":[{"id":1833,"href":"https:\/\/furega.com\/disfagia\/wp-json\/wp\/v2\/pages\/301\/revisions\/1833"}],"wp:attachment":[{"href":"https:\/\/furega.com\/disfagia\/wp-json\/wp\/v2\/media?parent=301"}],"curies":[{"name":"wp","href":"https:\/\/api.w.org\/{rel}","templated":true}]}}